745521. Is r prime?
False
Suppose y + 5437 - 50858 = 0. Suppose 0 = -5*x + 9749 + y. Is x/8 - 14/56 a composite number?
True
Let v be (-9)/15 - 3968/20. Let y = v - -139. Let o = y + 175. Is o prime?
False
Let j(b) = -190*b + 126517. Is j(0) prime?
True
Let y(x) be the third derivative of 275*x**4/12 - 33*x**3/2 - 134*x**2. Is y(11) a prime number?
False
Let w(l) = 48*l**2 + 119*l + 1027. Is w(44) a prime number?
True
Let h = 275 - 292. Let d(c) = -483*c + 136. Is d(h) composite?
True
Let u(d) = 2*d**2 - 51*d + 25. Let r be u(25). Suppose r = 4*h + 3*x - 8399, 5590 = 4*h + x - 2807. Is h composite?
False
Suppose 842849 + 304752 = 13*i. Is i a prime number?
False
Suppose -7*s - 67360 = 2*s - 331069. Is s prime?
False
Let a = 33962 + 14171. Is a a prime number?
False
Let p(h) = -18*h - 3*h**2 + 328 + 7*h**2 - 284 - 2*h**2 + 3*h**3. Is p(3) a composite number?
False
Suppose -2*t + 21 = z, 4*t + 4*z - 51 = -z. Let h(p) = -61*p - 7*p + 13 - t - 13. Is h(-7) a composite number?
False
Suppose -148*z + 143*z - 70485 = 0. Let r = z - -21044. Is r composite?
False
Let i(a) = 4*a - 4. Let m be i(1). Suppose m = 2*s + 6, 2*g + 8540 = 6*g + 4*s. Is g a prime number?
False
Suppose -4*n = -p + 275, -3*n = 3*p + 105 + 105. Let u = n - -71. Is (-2)/7 - u/(-7) - -719 a composite number?
False
Suppose -9*d + 168 = 5*d. Suppose -17748 = -d*a + 4980. Is a a composite number?
True
Suppose -5*l + 4*l = -12. Suppose 8*x - l*x = -9580. Suppose -6*b + x = -b. Is b a composite number?
False
Let l = 819 + -800. Suppose -l*u + 500182 = -490915. Is u a prime number?
True
Suppose -7293683 - 14019218 = -67*h. Is h a prime number?
True
Suppose -66333 + 19325 = -4*o. Let j = o + -8130. Is j composite?
True
Let t(y) = -y**3 - 16*y**2 - 87*y - 175. Is t(-24) a prime number?
True
Let h(t) be the first derivative of t**3/3 - t**2/2 - 2967*t - 12. Let j be h(0). Let i = j + 5744. Is i composite?
False
Suppose -17 = -4*m - 5. Suppose 2*o + 7477 = m*j, -o - 3*j = -2*j + 3741. Let w = -2521 - o. Is w a composite number?
True
Let h(r) = 3459*r**2 - 5*r + 69. Let c be h(9). Suppose 0 = 15*v - 28392 - c. Is v a prime number?
False
Suppose -4*x - 101800 = -4*z, 2*z + x = -x + 50904. Is z prime?
False
Let o = 25060 - 14768. Suppose 7*s + 12865 = 5*k + 4*s, 4*k - s = o. Is k prime?
False
Suppose 0 = 11*k - 37 + 4. Suppose 4*h = s - 2709, 13640 = 5*s + k*h - 4*h. Is s a prime number?
True
Let k(d) be the third derivative of d**6/120 + 29*d**5/60 + 5*d**4/4 - 5*d**3/6 - 4*d**2 - 9*d. Is k(-23) a composite number?
True
Let s = -8089 + 4672. Is s*(-3)/9 + 0 composite?
True
Let c(s) = 134*s**2 + 3*s. Let a be c(-2). Suppose 4*k + k - a = 0. Let t = 285 - k. Is t composite?
False
Let z(t) be the second derivative of t**7/315 - t**6/240 - t**5/30 - 5*t**4/6 - 18*t. Let r(d) be the third derivative of z(d). Is r(-5) prime?
True
Suppose 0 = c - 2*p - 61343, 2 = 2*p + 14. Is c prime?
True
Suppose 2*h + 72 = -2*o, -3*o - 45 = -5*h + 47. Let l(x) = 9*x**2 - 69*x - 5. Is l(o) prime?
False
Let q(b) = 2*b - 21. Let r be q(13). Suppose 0 = -3*o - 2*g + 19541, -3*g + r*g - 32563 = -5*o. Is o prime?
False
Let n be -1 + 3/((-6)/8). Let v(k) = 88*k + 5. Let o(x) = 3*x - 1. Let q(d) = 5*o(d) - v(d). Is q(n) a composite number?
True
Is ((-327)/(-218))/((-3)/(-1412506)) prime?
True
Suppose -c - 408 = -5*l, 409 - 3 = 5*l - 2*c. Let v = -82 + l. Suppose -2*h - 12*w + 7*w + 1072 = v, -539 = -h - w. Is h a composite number?
False
Let c be ((-948)/15)/4 + 1/(-5). Let b be (16/6)/(c/(-5688)). Suppose 5*i - 4417 = b. Is i composite?
True
Let m(u) = u - 6. Let g be m(11). Let c = 44 - 2. Suppose -5*a - 2*f = -3395, g*f = 2*a - c - 1316. Is a composite?
True
Let t = 97693 - 206851. Let r = t - -183811. Is r composite?
False
Suppose -3*l + 1296266 = -5*u, -13*l - 2*u = -16*l + 1296281. Is l a composite number?
False
Let c(w) be the first derivative of 278*w**3 + w + 26. Suppose 1 = -3*s + 4. Is c(s) a composite number?
True
Let y(q) = 233*q**2 + 4*q + 3. Let v be y(5). Is 18/(-36)*(2/1 - v) a prime number?
False
Is (-10)/(-15) - 3782246/(-78) a prime number?
True
Suppose 4*b = -m + 43747, 6 = -11*m + 13*m. Let j = -6353 + b. Is j composite?
False
Let d(r) = r**3 + r**2 + 5*r + 12. Let v be d(0). Is 12774/v*(-4 + 6) composite?
False
Let a(l) = -7 - 237*l + 16 + 13. Let s = -5841 - -5838. Is a(s) a composite number?
False
Let s be (-4)/(((-8)/(-14))/((-54)/126)). Suppose 4*u = -4*q + 78640, -49328 = -4*q + s*u + 29319. Is q a prime number?
True
Suppose 0 = 3*x - 9, 0 = 2*d + 4*x - 0*x. Let z(m) = -m**2. Let a(g) = 19*g**2 + 5*g - 5. Let q(y) = a(y) - z(y). Is q(d) composite?
True
Let k be 128757/6 - 6/(-4). Let i = k + -12618. Is i composite?
True
Suppose 3*m - u - 143557 = 0, -26 = -3*u - 38. Is m a composite number?
True
Let d = 20 - 19. Suppose -5*o + c = 11, 0*c + c = d. Is -1222*5/(-10) - o prime?
True
Let y = 1378 - 212. Let n = -121 + 796. Let l = y - n. Is l composite?
False
Let k(b) be the second derivative of b**5/10 - 19*b**4/12 + 11*b**3/6 - 3*b**2 + 111*b. Is k(11) prime?
False
Let v(t) be the third derivative of 77*t**6/360 - t**5/120 + t**4/6 + 8*t**3/3 + 15*t**2. Let p(g) be the first derivative of v(g). Is p(3) composite?
True
Let q(s) = 12*s**3 - 3*s**2 - 3*s + 1. Suppose 1 = 4*i - 5*c, -5*c - 1 - 4 = -5*i. Is q(i) prime?
True
Let f = 29622 - 17573. Is f composite?
False
Let z(m) be the second derivative of -m**3/6 + 5*m**2/2 - 15*m. Let f be z(2). Let n(y) = 26*y + 5. Is n(f) a prime number?
True
Suppose -3*c = -4*l + 2922382 - 1045460, -2*l - 4*c = -938450. Is l a prime number?
True
Let v = -159 - -62. Let f = v + 129. Let j = 177 - f. Is j composite?
True
Let d = 6321 - 3546. Suppose -7*i = u - 4*i - 2774, -4*i = u - d. Is u prime?
False
Suppose 6372 = -4*v - 4176. Let x = 7370 - v. Is x composite?
False
Let l(a) = 234*a + 59. Is l(92) a prime number?
True
Let y(x) = 29*x**2 - 2*x - 23. Let j be y(-10). Suppose j + 278 = 5*c. Is c prime?
False
Suppose -3*z - 3*y = -8346, 3*z + 5*y - 11133 = -z. Let l = 5596 - z. Is l prime?
True
Let v be 2/(294/58 - 5). Suppose -15 + v = 7*y. Let f(t) = 255*t**2 - 2*t + 2. Is f(y) prime?
False
Let w(b) = 2*b + 146 + b - 4*b + 66. Let q be w(0). Let h = q - 79. Is h a composite number?
True
Let j(y) = -920*y + 72. Let s be j(-4). Suppose 1876 = 12*c - s. Is c prime?
False
Let s(w) = 9*w**3 - 54*w**2 + 8*w + 39. Let y(z) = -3*z**3 + 18*z**2 - 3*z - 13. Let i(h) = 3*s(h) + 8*y(h). Is i(10) a composite number?
False
Let t(w) = -30*w**2 + 8*w - 9. Let y(a) = 31*a**2 - 7*a + 9. Let v(c) = 5*t(c) + 6*y(c). Let o be ((-2)/(-6))/(27/567). Is v(o) a composite number?
False
Let h = -2 - -5. Let t(k) = 11*k**3 - 9*k**2 + 11*k - 13. Let p(l) = -5*l**3 + 5*l**2 - 6*l + 7. Let i(n) = 5*p(n) + 3*t(n). Is i(h) composite?
True
Is (-5)/(10/(-26932))*42/84 composite?
False
Let y(u) = -17*u**3 - 46*u**2 + 105*u - 3. Let o(w) = -9*w**3 - 24*w**2 + 53*w - 1. Let f(n) = -11*o(n) + 6*y(n). Is f(-11) a composite number?
False
Let y = -52 - -58. Let k(j) = 19*j**3 - 3*j**2 + 5*j - 37. Is k(y) a prime number?
True
Let r = -903 - -902. Suppose -5*n = 4*t + 20, -n = -8*t + 3*t + 4. Is -5*(t - r)*(-2539)/5 prime?
True
Let i be 1761168/(-208) - 8/(-52). Let z = i + 13376. Is z a prime number?
True
Let o(a) = 106883*a**2 + 223*a - 221. Is o(1) a prime number?
False
Let a = -196660 + 1281521. Is a a prime number?
False
Let x be (-106181)/(-4) + (-7)/28. Suppose 6*s - x = s + 5*i, -3*s - 5*i = -15967. Is s a prime number?
False
Let w(k) = -111*k**3 - 39*k**2 - 56*k - 61. Is w(-16) prime?
True
Suppose 0 = -0*w + w - 3*d + 18113, -4*w - 72434 = -3*d. Let f = w - -27640. Is f a composite number?
False
Let g(d) = d**3 + 8*d**2 - 10*d - 41. Let a be g(-8). Suppose -h - 85081 = -4*t, a*h - 63827 = -3*t + 43*h. Is t a composite number?
False
Let a = 426478 - 213147. Is a a prime number?
False
Let n = -20 - -22. Suppose -n = -2*b, -4*b - 2854 - 3537 = -k. Is k composite?
True
Let v(p) = 12157*p**2 + 230*p + 1530. Is v(-7) a prime number?
True
Suppose -2*l + 4*q = -253062, -3*q + 22042 - 148571 = -l. Is l a composite number?
True
Let r(y) = -11*y - 53. Let z be r(-5). Suppose -14 = -z*v - 24, q + 5*v - 62 = 0. Is q composite?
True
Suppose -1773841 = -16*h + 6786367. Is h a composite number?
False
Let j = 1568